{"id":29,"date":"2012-04-13T10:19:03","date_gmt":"2012-04-13T10:19:03","guid":{"rendered":"http:\/\/berdich-handball.de\/?page_id=29"},"modified":"2012-04-14T15:01:16","modified_gmt":"2012-04-14T13:01:16","slug":"anfahrt-preislerhalle","status":"publish","type":"page","link":"http:\/\/berdich-handball.de\/?page_id=29","title":{"rendered":"Anfahrt Prei\u00dflerhalle"},"content":{"rendered":"<p><a href=\"http:\/\/berdich-handball.de\/wp-content\/uploads\/2012\/04\/Anfahrt-Prei\u00dflerhalle31.gif\"><img loading=\"lazy\" decoding=\"async\" class=\"aligncenter size-full wp-image-58\" title=\"Anfahrt Prei\u00dflerhalle3\" src=\"http:\/\/berdich-handball.de\/wp-content\/uploads\/2012\/04\/Anfahrt-Prei\u00dflerhalle31.gif\" alt=\"\" width=\"615\" height=\"421\" srcset=\"http:\/\/berdich-handball.de\/wp-content\/uploads\/2012\/04\/Anfahrt-Prei\u00dflerhalle31.gif 615w, http:\/\/berdich-handball.de\/wp-content\/uploads\/2012\/04\/Anfahrt-Prei\u00dflerhalle31-300x205.gif 300w\" sizes=\"auto, (max-width: 615px) 100vw, 615px\" \/><\/a><br \/>\nRichtung N\u00fcrnberg<\/p>\n<p>-&gt; Rothenburger Stra\u00dfe<\/p>\n<p>-&gt; Westring<\/p>\n<p>-&gt; F\u00fchrter Stra\u00dfe<\/p>\n<p>-&gt; Paumgartenstra\u00dfe<\/p>\n<p>oder Prei\u00dflerstra\u00dfe<\/p>\n","protected":false},"excerpt":{"rendered":"<p>Richtung N\u00fcrnberg -&gt; Rothenburger Stra\u00dfe -&gt; Westring -&gt; F\u00fchrter Stra\u00dfe -&gt; Paumgartenstra\u00dfe oder Prei\u00dflerstra\u00dfe<\/p>\n","protected":false},"author":1,"featured_media":0,"parent":0,"menu_order":0,"comment_status":"open","ping_status":"open","template":"","meta":{"footnotes":""},"class_list":["post-29","page","type-page","status-publish","hentry"],"_links":{"self":[{"href":"http:\/\/berdich-handball.de\/index.php?rest_route=\/wp\/v2\/pages\/29","targetHints":{"allow":["GET"]}}],"collection":[{"href":"http:\/\/berdich-handball.de\/index.php?rest_route=\/wp\/v2\/pages"}],"about":[{"href":"http:\/\/berdich-handball.de\/index.php?rest_route=\/wp\/v2\/types\/page"}],"author":[{"embeddable":true,"href":"http:\/\/berdich-handball.de\/index.php?rest_route=\/wp\/v2\/users\/1"}],"replies":[{"embeddable":true,"href":"http:\/\/berdich-handball.de\/index.php?rest_route=%2Fwp%2Fv2%2Fcomments&post=29"}],"version-history":[{"count":4,"href":"http:\/\/berdich-handball.de\/index.php?rest_route=\/wp\/v2\/pages\/29\/revisions"}],"predecessor-version":[{"id":61,"href":"http:\/\/berdich-handball.de\/index.php?rest_route=\/wp\/v2\/pages\/29\/revisions\/61"}],"wp:attachment":[{"href":"http:\/\/berdich-handball.de\/index.php?rest_route=%2Fwp%2Fv2%2Fmedia&parent=29"}],"curies":[{"name":"wp","href":"https:\/\/api.w.org\/{rel}","templated":true}]}}

Anfahrt Preißlerhalle

<p><a href="http://berdich-handball.de/wp-content/uploads/2012/04/Anfahrt-Preißlerhalle31.gif"><img loading="lazy" decoding="async" class="aligncenter size-full wp-image-58" title="Anfahrt Preißlerhalle3" src="http://berdich-handball.de/wp-content/uploads/2012/04/Anfahrt-Preißlerhalle31.gif" alt="" width="615" height="421" srcset="http://berdich-handball.de/wp-content/uploads/2012/04/Anfahrt-Preißlerhalle31.gif 615w, http://berdich-handball.de/wp-content/uploads/2012/04/Anfahrt-Preißlerhalle31-300x205.gif 300w" sizes="auto, (max-width: 615px) 100vw, 615px" /></a><br />
Richtung Nürnberg</p>
<p>-&gt; Rothenburger Straße</p>
<p>-&gt; Westring</p>
<p>-&gt; Führter Straße</p>
<p>-&gt; Paumgartenstraße</p>
<p>oder Preißlerstraße</p>

<p>Richtung Nürnberg -&gt; Rothenburger Straße -&gt; Westring -&gt; Führter Straße -&gt; Paumgartenstraße oder Preißlerstraße</p>
