{"id":124,"date":"2012-04-14T16:21:07","date_gmt":"2012-04-14T14:21:07","guid":{"rendered":"http:\/\/berdich-handball.de\/?page_id=124"},"modified":"2012-04-29T18:11:08","modified_gmt":"2012-04-29T16:11:08","slug":"saison-20022003","status":"publish","type":"page","link":"http:\/\/berdich-handball.de\/?page_id=124","title":{"rendered":"Saison 2002\/2003"},"content":{"rendered":"<p>momentan sind noch keine Fotos vorhanden&#8230;<br \/>\nDiese Saison wurde auch zum Gro\u00dfteil von G\u00fcnther Traumer \u00fcbernommen&#8230;<\/p>\n","protected":false},"excerpt":{"rendered":"<p>momentan sind noch keine Fotos vorhanden&#8230; Diese Saison wurde auch zum Gro\u00dfteil von G\u00fcnther Traumer \u00fcbernommen&#8230;<\/p>\n","protected":false},"author":1,"featured_media":0,"parent":0,"menu_order":0,"comment_status":"closed","ping_status":"closed","template":"","meta":{"footnotes":""},"class_list":["post-124","page","type-page","status-publish","hentry"],"_links":{"self":[{"href":"http:\/\/berdich-handball.de\/index.php?rest_route=\/wp\/v2\/pages\/124","targetHints":{"allow":["GET"]}}],"collection":[{"href":"http:\/\/berdich-handball.de\/index.php?rest_route=\/wp\/v2\/pages"}],"about":[{"href":"http:\/\/berdich-handball.de\/index.php?rest_route=\/wp\/v2\/types\/page"}],"author":[{"embeddable":true,"href":"http:\/\/berdich-handball.de\/index.php?rest_route=\/wp\/v2\/users\/1"}],"replies":[{"embeddable":true,"href":"http:\/\/berdich-handball.de\/index.php?rest_route=%2Fwp%2Fv2%2Fcomments&post=124"}],"version-history":[{"count":4,"href":"http:\/\/berdich-handball.de\/index.php?rest_route=\/wp\/v2\/pages\/124\/revisions"}],"predecessor-version":[{"id":256,"href":"http:\/\/berdich-handball.de\/index.php?rest_route=\/wp\/v2\/pages\/124\/revisions\/256"}],"wp:attachment":[{"href":"http:\/\/berdich-handball.de\/index.php?rest_route=%2Fwp%2Fv2%2Fmedia&parent=124"}],"curies":[{"name":"wp","href":"https:\/\/api.w.org\/{rel}","templated":true}]}}

<p>momentan sind noch keine Fotos vorhanden&#8230;<br />
Diese Saison wurde auch zum Großteil von Günther Traumer übernommen&#8230;</p>

<p>momentan sind noch keine Fotos vorhanden&#8230; Diese Saison wurde auch zum Großteil von Günther Traumer übernommen&#8230;</p>
